r of 354 and 84842?
118
What is the highest common factor of 32300 and 2375?
475
Calculate the greatest common divisor of 4241643 and 6489.
2163
Calculate the highest common divisor of 46194 and 2526.
6
Calculate the highest common divisor of 48 and 722272.
16
Calculate the highest common divisor of 2009430 and 60.
30
Calculate the highest common divisor of 5916 and 5457.
51
What is the greatest common factor of 559 and 129?
43
Calculate the highest common factor of 1552219 and 2091.
697
Calculate the highest common divisor of 32 and 676.
4
Calculate the greatest common factor of 120 and 39255.
15
What is the greatest common divisor of 3510 and 1071954?
702
Calculate the highest common divisor of 1612 and 301320.
124
What is the greatest common divisor of 158 and 905893?
79
Calculate the highest common divisor of 816 and 96.
48
What is the greatest common factor of 13580 and 1540?
140
Calculate the highest common factor of 129763 and 1.
1
What is the highest common factor of 48 and 314544?
48
What is the greatest common factor of 40378 and 104?
26
What is the greatest common divisor of 1804 and 64042?
902
Calculate the greatest common divisor of 4370 and 35006.
46
What is the highest common divisor of 2050 and 1564970?
410
What is the highest common factor of 100510 and 2070?
230
What is the highest common divisor of 160 and 527760?
80
Calculate the highest common divisor of 2230129 and 319.
319
Calculate the highest common factor of 6340 and 6.
2
What is the highest common factor of 451038 and 378?
42
Calculate the highest common factor of 8213 and 2752.
43
What is the highest common divisor of 1628405 and 20?
5
Calculate the greatest common divisor of 86800 and 104800.
400
What is the greatest common factor of 11200 and 316000?
800
What is the greatest common divisor of 450 and 6004575?
225
What is the highest common factor of 97821 and 459?
27
What is the highest common divisor of 327424 and 8953?
1279
Calculate the greatest common divisor of 24580 and 240.
20
What is the greatest common divisor of 7045064 and 104?
104
Calculate the greatest common divisor of 50 and 331830.
10
What is the highest common divisor of 650607 and 221?
17
Calculate the greatest common divisor of 26865 and 1770.
15
What is the greatest common divisor of 477819 and 2295?
459
What is the greatest common factor of 5082 and 968?
242
Calculate the highest common factor of 209 and 629618.
11
What is the greatest common factor of 147980 and 952?
28
What is the greatest common factor of 1336035 and 60?
15
Calculate the highest common divisor of 197806 and 9950.
398
What is the greatest common divisor of 1122 and 11118?
102
What is the highest common divisor of 14 and 268478?
14
What is the highest common factor of 25 and 351775?
25
Calculate the greatest common factor of 5775274 and 6018.
2006
Calculate the highest common factor of 793 and 1767719.
61
What is the greatest common divisor of 41628 and 24?
12
Calculate the highest common divisor of 63518 and 52.
26
Calculate the highest common factor of 3756 and 710823.
939
Calculate the highest common factor of 70 and 104720.
70
What is the greatest common divisor of 687600 and 1425?
75
What is the greatest common divisor of 377 and 2175?
29
What is the highest common factor of 330 and 507639?
33
What is the greatest common divisor of 80 and 10368?
16
Calculate the highest common factor of 78 and 54184.
26
What is the highest common divisor of 16198 and 56?
14
What is the greatest common factor of 732 and 3979884?
732
What is the greatest common divisor of 8845 and 10?
5
What is the highest common factor of 4727 and 52323?
163
What is the highest common factor of 10 and 1164550?
10
Calculate the highest common factor of 2364 and 3396280.
788
Calculate the greatest common divisor of 30459 and 28613.
923
What is the greatest common factor of 318692 and 88?
44
Calculate the highest common divisor of 1023 and 3720.
93
What is the greatest common divisor of 10904 and 418441?
1363
Calculate the greatest common factor of 1168 and 182281.
73
What is the highest common factor of 693 and 72303?
231
Calculate the greatest common divisor of 52 and 4177433.
13
Calculate the greatest common divisor of 2570 and 22.
2
Calculate the highest common divisor of 533070 and 990.
90
What is the greatest common divisor of 2204 and 1558?
38
Calculate the greatest common factor of 230391 and 46.
23
What is the highest common divisor of 44660 and 957?
319
Calculate the highest common divisor of 3704901 and 3.
3
Calculate the highest common divisor of 461448 and 144.
72
Calculate the greatest common divisor of 352255 and 5.
5
What is the highest common divisor of 625186 and 46?
46
What is the highest common divisor of 48 and 304356?
12
What is the greatest common divisor of 5888 and 18272?
32
What is the highest common factor of 56221 and 3971?
209
Calculate the highest common factor of 168964 and 212.
212
Calculate the highest common factor of 269 and 1148361.
269
What is the highest common factor of 2754 and 442?
34
Calculate the highest common divisor of 300 and 4260.
60
Calculate the highest common divisor of 26818 and 110.
22
What is the highest common factor of 2420 and 48?
4
What is the highest common factor of 6725796 and 77?
77
What is the highest common factor of 105539 and 7?
7
What is the highest common factor of 29155 and 392?
49
What is the greatest common divisor of 36 and 575514?
18
What is the greatest common divisor of 34672 and 396?
44
What is the greatest common factor of 573969 and 264?
33
Calculate the highest common divisor of 212 and 792.
4
What is the highest common divisor of 6993 and 188293?
259
What is the highest common factor of 1819 and 16490?
17
What is the highest common divisor of 77 and 284207?
77
What is the greatest common factor of 297 and 54?
27
What is the greatest common factor of 6768 and 23616?
144
Calculate the greatest common factor of 147735 and 165.
15
Calculate the greatest common factor of 23226 and 980.
98
What is the greatest common factor of 159 and 63229?
53
What is the highest common divisor of 26 and 709722?
26
What is the highest common factor of 2290096 and 656?
656
What is the highest common divisor of 8260 and 56?
28
Calculate the greatest common factor of 434037 and 30101.
971
Calculate the greatest common divisor of 63843 and 39.
39
What is the highest common divisor of 217 and 16275?
217
Calculate the highest common divisor of 79492 and 26720.
668
What is the highest common factor of 542 and 148779?
271
What is the greatest common factor of 117 and 9234?
9
Calculate the greatest common divisor of 29 and 679354.
29
What is the highest common divisor of 6 and 66534?
6
What is the greatest common divisor of 72 and 192312?
72
Calculate the highest common divisor of 2130 and 1009194.
426
Calculate the greatest common factor of 52 and 27794.
26
Calculate the highest common factor of 1554 and 5082.
42
Calculate the highest common divisor of 150 and 4135.
5
Calculate the highest common factor of 41019 and 1017.
339
Calculate the highest common factor of 48150 and 20.
10
What is the greatest common factor of 112828 and 17682?
842
Calculate the greatest common factor of 45232 and 2570.
514
Calculate the highest common factor of 1134203 and 294.
49
What is the highest common divisor of 802 and 6998?
2
Calculate the highest common factor of 88847 and 30217.
451
What is the greatest common divisor of 1128 and 75012?
564
What is the highest common divisor of 55 and 455521?
11
Calculate the greatest common factor of 28 and 3704.
4
What is the highest common divisor of 3 and 688076?
1
What is the greatest common divisor of 9 and 486228?
3
Calculate the greatest common divisor of 468 and 28398.
6
What is the highest common divisor of 128394 and 12?
6
Calculate the highest common divisor of 18 and 233811.
9
What is the highest common factor of 514641 and 85?
17
Calculate the highest common factor of 75 and 8401425.
75
Calculate the highest common divisor of 11790 and 16980.
30
What is the greatest common factor of 11538 and 1611?
9
Calculate the greatest common divisor of 9 and 106014.
3
What is the highest common factor of 77 and 854909?
11
Calculate the highest common divisor of 23 and 2706088.
23
Cal